emainder when 11 is divided by -2*(0 + 2 + 24/p).
3
Suppose -2*q + 0*q - 222 = 2*d, 5*d + 3*q = -549. Calculate the remainder when 25 is divided by ((-4)/(-3))/((-8)/d).
7
Let j = 17 - 15. Suppose v + 29 = j*v. Let u(g) = -54*g + 408. Calculate the remainder when u(6) is divided by v.
26
Suppose i + 4*k = 5, -2*i + 4*k - 5 - 9 = 0. Let h be (-225)/i + 4 - -4. Suppose 5*p - h = -23. What is the remainder when 17 is divided by p?
5
Suppose 0 = -3*d + 2*v + 419, -221*v = 3*d - 225*v - 427. What is the remainder when 328 is divided by d?
54
Suppose -13*c + 15*c = 82. Suppose 0 = 4*n + 53 - 5. Let z = n + c. Calculate the remainder when z is divided by 10.
9
Suppose -3*c = -12, -19*r + 4277 = -16*r + 5*c. What is the remainder when r is divided by 29?
27
Suppose 0*u + d = 5*u - 37, 3*u = d + 21. Suppose 0 = -5*a + h + 107, 3*a - 5*h = u*a - 125. Calculate the remainder when 174 is divided by a.
20
Let j be 1 - 0 - (4 - 3). Suppose 5*m - q - 134 - 1 = j, -q - 107 = -4*m. What is the remainder when 5*(-2)/((-434)/(-111) - 304/76) is divided by m?
27
Let y = 67 + -47. Let q = y - 18. Calculate the remainder when 29 is divided by (10 - -75)*q/10.
12
Let m = 8079 - 8055. Calculate the remainder when 1365 is divided by m.
21
Let m = -18453 + 18757. What is the remainder when 334 is divided by m?
30
Let d = 1004 - 869. What is the remainder when d is divided by 70/4 + 1 - 123/82?
16
Suppose 28 - 208 = 4*a. Let t = -36 - a. What is the remainder when (-2808)/(-81) + 3/(t/(-2)) is divided by 14?
6
Let m(n) = 10*n**2 - 16*n - 389. What is the remainder when m(-9) is divided by 273?
19
Suppose -32*i + 36*i - 3404 = 8*j, -4*i = -j - 3411. Calculate the remainder when i is divided by 38.
17
Suppose -30 = -5*t - 0*t + 3*g, 0 = -3*t - 4*g + 47. Suppose t*v - 28*v + 1596 = 0. Calculate the remainder when v is divided by 12.
0
Let k = 65 - 35. Let p(j) = -45*j + 58. Let u be p(-4). Let w = u - 188. What is the remainder when w is divided by k?
20
Suppose 48 + 40 = 4*d - 12. Let y = 41 + 8. Calculate the remainder when y is divided by d.
24
Let m(b) = -10*b - 20. Let f be m(-4). Let h = f - 3. Let l(a) = a**3 + 21*a**2 + 19*a + 29. What is the remainder when l(-20) is divided by h?
15
Let b = -198 - -283. Calculate the remainder when 337 is divided by b.
82
Let f be (18/(-14))/(32/112)*-6. Suppose 0 = -2*a + f + 1. Calculate the remainder when a is divided by 8.
6
Suppose -o - 95 - 45 = -2*d, d = 2*o + 283. Let s = o + 146. Suppose s*h - 6 = 3*h. What is the remainder when 52 is divided by h?
4
Calculate the remainder when 24/(-66) + 274397/187 is divided by 23.
18
Let i be (-28)/8 + (-1)/2. Let k be 75/(-27) + i/18. Calculate the remainder when (-1)/(10/795)*2/k is divided by 28.
25
Let z(d) = -d**2 - 16*d + 30. Let x be z(-18). What is the remainder when (-3 - (-225)/(-2))*x/9 is divided by 20?
17
Let o(c) = c**2 + 2*c - 80. Let b be o(-10). Suppose b = 6*g + 31*g - 1443. Calculate the remainder when 98 is divided by g.
20
Suppose -44*u + 100367 = -15925. What is the remainder when u is divided by 147?
144
Let s(g) = -3*g - 70. Let c be s(-24). Suppose 0 = 4*l - 5*u - 197, -2*u + 53 = c*l - 41. What is the remainder when 128 is divided by l?
32
Suppose h - 207 = -4*c + 3*c, 0 = 2*c + 4. What is the remainder when h is divided by 42?
41
Suppose 402 - 135 = 3*z - 3*c, -4*c = -3*z + 264. Let k = 940 - 908. Calculate the remainder when z is divided by k.
28
Let l(z) = 11*z + 13. Let t(a) = -a**2 - 25*a - 89. Calculate the remainder when l(11) is divided by t(-17).
40
Let i(o) = o**2 - 223*o + 11289. What is the remainder when i(156) is divided by 139?
3
Let i = -5077 + 5140. What is the remainder when 3149 is divided by i?
62
Let p(o) be the first derivative of -o**4/2 - o**3 - o**2/2 + 8*o - 12. Calculate the remainder when p(-4) is divided by 28.
8
Let p = -6628 - -6712. Calculate the remainder when 360 is divided by p.
24
Let j be ((-27)/(-12) - 1) + (-9)/(-12). Suppose -34 = -j*h + 2*g, 0 + 15 = 5*g. Calculate the remainder when 119 is divided by h.
19
Let t = -21393 + 21467. What is the remainder when 371 is divided by t?
1
What is the remainder when 1150 is divided by ((-78)/5)/((-67 - -69) + 446/(-220))?
6
Suppose 67*m - 50873 = -61*m + 11207. Calculate the remainder when m is divided by 14.
9
Let k = -1147 - -1168. Calculate the remainder when 274 is divided by k.
1
Let t(x) = 8*x**3 + 2*x**2 + 2. Suppose 3*q - 2*q = -24. Calculate the remainder when t(2) is divided by q/(-6 + 2) - -19.
24
Suppose -6*f + 100 = -f. Let m(g) = -7089*g - 35408. What is the remainder when m(-5) is divided by f?
17
Let s(k) = -2*k**3 - k**2 + 35*k + 9. Let b = -49 - -43. What is the remainder when s(b) is divided by 28?
27
Suppose 0 = j - 5 - 4. Calculate the remainder when 2*2/(-12) + (-268)/(-3) is divided by j.
8
Let f = 1016 - 1013. Calculate the remainder when (-63)/7*10/(-6) is divided by f.
0
Let c(m) = -m**3 - 7*m**2 + 11*m + 12. Suppose 0*r = -3*r + 9. Let n(g) = g**3 + g - 4. What is the remainder when c(-9) is divided by n(r)?
23
Let u = -75 - -468. Calculate the remainder when u is divided by 23.
2
Let d(j) = -3*j**3 + 16*j**2 - 5*j - 3. Let v be d(6). Calculate the remainder when (-1 - v/(-2))/((-2)/4) is divided by 27.
26
Suppose 0 = 1690*u - 1687*u - 3*h - 45, 114 = 4*u + 2*h. Let y(i) = i**3 - 10*i**2 + 10*i + 13. What is the remainder when u is divided by y(9)?
2
Let n = 22 - 10. Let m = 62 + -110. What is the remainder when -3 + 6 + -3 - (m - -4) is divided by n?
8
Suppose 3*o - 12 = -2*p + 5*p, 0 = -4*o - 5*p + 70. What is the remainder when 2977 is divided by o?
7
Suppose 25*l + 88708 = 119028 + 207705. Calculate the remainder when l is divided by 107.
105
Suppose 0 = 2*i - m - 3*m, 4*m = 8. Suppose 3*o - 177 = -i*s, -137 = -2*s + 5*o - 16. Suppose 7*k - 535 = 452. Calculate the remainder when k is divided by s.
45
Calculate the remainder when 11617 is divided by (-4)/(4/(-75)) - (4 + -32 + 33).
67
Let h(m) = m**2 - 35*m + 32. Let i = 6 - -7. Suppose 4*w = -2*y + 48, 3*w - 3*y = 14 + i. What is the remainder when h(0) is divided by w?
10
Suppose 0*k + 726 = -6*k. Let j = 194 + k. What is the remainder when j is divided by 19?
16
Let u(s) = 3*s**3 - 5*s**2 + 15*s - 3. Calculate the remainder when 85 is divided by u(2).
23
Let q = 6050 + -6039. What is the remainder when 483 is divided by q?
10
Suppose 15 + 1 = 4*k. Let a(y) = 2*y**2 + 27*y - 12. Suppose 0 = 2*w - 3*w - 14. Calculate the remainder when k is divided by a(w).
0
Let f = 425 + -397. Suppose 27*m + 2*z = 28*m - 40, -5*m + 3*z + 221 = 0. Calculate the remainder when m is divided by f.
18
Let z = 320 - 312. Let r(d) = 27*d**3 + d**2 - d + 2. Calculate the remainder when r(1) is divided by z.
5
Let u be (87/(-5))/(3/(-15)). Suppose -145 - u = -8*o. Suppose -3*r + o = 5. Calculate the remainder when 28 is divided by r.
4
Suppose 8*l + 59*l - 3729 + 1183 = 0. What is the remainder when 1083 is divided by l?
19
Let k(w) = 5*w**2 - 10*w - 24. Suppose 5*o - 3*o = 12. What is the remainder when k(o) is divided by 33?
30
Let o(z) = -9*z - 194. Let x be o(-36). Suppose x = 5*l - 25. Let u = 461 + -308. What is the remainder when u is divided by l?
29
Let r = -5674 - -5694. Calculate the remainder when (-1 - -2)*(794 - -3) is divided by r.
17
Suppose -288 = -167*j + 158*j. Suppose 0 = 2*a - 0*g - g - 186, -372 = -4*a - 5*g. What is the remainder when a is divided by j?
29
Let y be (6 + 2)/4*(-1 + 2). Suppose -2*o - 2*d = d - 49, -5*d = y*o - 43. What is the remainder when 144 is divided by o?
28
Suppose -8196 - 8898 = -42*j. Let i = j + -405. Calculate the remainder when 18 is divided by i.
0
Suppose 101 = 4*t + 93. Suppose -k = -i - 0 + 4, k - t*i = -4. Calculate the remainder when 18 is divided by (k - -1)/(((-30)/(-25))/(-2)).
3
Suppose 9 = -4*f + 21. Suppose 0 = 2*z - f*z + 19. Let a = z + 3. Calculate the remainder when 65 is divided by a.
21
Let h(x) be the first derivative of -2*x**2 + 80*x + 115. Calculate the remainder when h(-2) is divided by 13.
10
Let i = -12913 + 12932. What is the remainder when 1385 is divided by i?
17
Suppose 5*r = -3*r + 88. Let z = r - -49. Let f = z - 54. Calculate the remainder when 7 is divided by f.
1
Suppose 2*h + 5*i - 492 = 0, 3874*h = 3878*h - 2*i - 960. What is the 